2551 (base 6) to base 13
-3aa8
-10313 (base 5) to base 8
-1304
What is 2211 (base 3) in base 10?
76
What is -11a66 (base 11) in base 16?
-4366
Convert -343461 (base 7) to base 14.
-184a1
Convert 204 (base 11) to base 10.
246
-1723 (base 8) to base 9
-1307
342 (base 9) to base 15
13b
-b31a (base 12) to base 15
-5b77
What is a605 (base 13) in base 15?
6c29
b4b (base 12) to base 8
3153
20101211 (base 3) to base 15
15b1
Convert -12203013 (base 4) to base 15.
-7e33
2b02 (base 13) to base 5
200010
What is 5a6a (base 14) in base 13?
7245
What is 21410 (base 6) in base 5?
43313
What is 3043 (base 5) in base 15?
1b8
131a0 (base 13) to base 6
432043
2ad3 (base 14) to base 8
16721
Convert 3200 (base 7) to base 13.
689
Convert 571 (base 12) to base 14.
417
-40b (base 15) to base 7
-2441
-9032 (base 10) to base 5
-242112
Convert 207 (base 10) to base 11.
179
Convert 2134 (base 13) to base 6.
33154
What is -110102 (base 3) in base 10?
-335
-326a (base 15) to base 10
-10675
What is 1000101100011 (base 2) in base 7?
15656
Convert 2063 (base 12) to base 7.
13203
What is 102001221 (base 3) in base 2?
1111110000111
Convert -105 (base 9) to base 11.
-79
What is 1ac09 (base 15) in base 7?
511614
Convert c98 (base 13) to base 8.
4151
What is 1e (base 15) in base 13?
23
What is -c7 (base 15) in base 9?
-227
-b79 (base 16) to base 5
-43222
-1554 (base 9) to base 8
-2237
436 (base 12) to base 10
618
4bc1 (base 14) to base 7
53531
101020121 (base 3) to base 10
7468
-1001100000101111 (base 2) to base 10
-38959
10000100001 (base 2) to base 16
421
What is -2020022 (base 3) in base 2?
-11001011100
-3634 (base 8) to base 13
-b6b
What is -220000012 (base 3) in base 7?
-102011
Convert -1001 (base 15) to base 11.
-259a
What is 20144 (base 9) in base 5?
410433
What is 1d (base 15) in base 8?
34
10222220 (base 3) to base 16
b61
What is 323445 (base 6) in base 7?
140651
462 (base 13) to base 14
3c0
Convert -2694 (base 12) to base 15.
-14a7
-1110001 (base 2) to base 4
-1301
Convert 1256 (base 8) to base 16.
2ae
What is -1246 (base 8) in base 3?
-221010
Convert 84bc (base 16) to base 15.
a105
Convert 10212102102 (base 3) to base 13.
28859
Convert 10273 (base 9) to base 2.
1101010000101
What is 5130 (base 10) in base 9?
7030
What is 1250 (base 10) in base 15?
585
-10220121 (base 3) to base 14
-1079
What is 501 (base 6) in base 10?
181
What is 56619 (base 10) in base 13?
1ca04
Convert -387 (base 10) to base 14.
-1d9
What is 51b4 (base 14) in base 7?
56014
What is -66 (base 16) in base 11?
-93
What is 111001000 (base 2) in base 8?
710
Convert -1132121 (base 5) to base 15.
-62e1
What is -1351 (base 9) in base 11?
-846
What is -111301 (base 4) in base 11?
-1057
Convert 232211 (base 4) to base 8.
5645
-1030 (base 10) to base 5
-13110
1683 (base 14) to base 4
333003
24001 (base 5) to base 16
6d7
Convert -13122 (base 4) to base 16.
-1da
Convert -18a01 (base 13) to base 12.
-23818
What is 101 (base 8) in base 7?
122
-774 (base 14) to base 4
-113002
-686 (base 13) to base 6
-5112
-1ccb (base 16) to base 6
-54043
What is 1342 (base 7) in base 3?
201021
-664 (base 7) to base 8
-524
What is 318 (base 10) in base 6?
1250
Convert -132301 (base 4) to base 8.
-3661
Convert 8824 (base 10) to base 6.
104504
What is -21131 (base 5) in base 10?
-1416
-b7 (base 16) to base 2
-10110111
Convert 629 (base 15) to base 4.
111231
Convert -5014 (base 7) to base 14.
-8b4
Convert 1010333 (base 4) to base 13.
2018
What is 242202 (base 5) in base 15?
2a37
Convert 1606 (base 7) to base 12.
457
-2813 (base 10) to base 13
-1385
What is -321 (base 11) in base 15?
-1ab
Convert -2191 (base 11) to base 6.
-21203
Convert 42641 (base 10) to base 2.
1010011010010001
b0 (base 16) to base 15
bb
-22153 (base 6) to base 15
-db3
What is -309c (base 15) in base 9?
-15073
What is 24b1 (base 13) in base 6?
40050
What is -1322 (base 11) in base 10?
-1718
Convert -4607 (base 8) to base 11.
-1918
307 (base 10) to base 6
1231
Convert -509 (base 15) to base 14.
-5b0
Convert 13302333 (base 4) to base 11.
21aa2
Convert -10022122 (base 3) to base 6.
-15112
-27cb (base 14) to base 16
-1b7f
-6c (base 15) to base 13
-7b
51355 (base 6) to base 13
3161
Convert -45 (base 16) to base 7.
-126
-6102 (base 12) to base 2
-10100100010010
Convert 2121012210 (base 3) to base 10.
51186
What is -50621 (base 9) in base 14?
-c1d4
-136732 (base 8) to base 10
-48602
32406 (base 7) to base 2
1111110011011
-66260 (base 8) to base 13
-c884
-5a (base 11) to base 13
-50
29593 (base 11) to base 14
1141a
Convert -11101121 (base 3) to base 8.
-6202
Convert 1128a (base 11) to base 3.
211101011
31221 (base 5) to base 2
100000001101
What is -2214 (base 8) in base 10?
-1164
What is 32 (base 7) in base 4?
113
Convert 1101101110010011 (base 2) to base 3.
2212002220
What is -7801 (base 9) in base 4?
-1121320
What is 15446 (base 7) in base 3?
12221222
Convert 77216 (base 8) to base 3.
1122102221
-1134d (base 15) to base 4
-31113130
-124023 (base 7) to base 11
-16308
What is -2018 (base 13) in base 11?
-3354
-60d (base 16) to base 5
-22144
What is 101110001101 (base 2) in base 3?
11001112
What is 9826 (base 10) in base 14?
381c
4144 (base 6) to base 9
1241
Convert -620 (base 7) to base 9.
-372
What is -607 (base 8) in base 13?
-241
-1541 (base 8) to base 16
-361
Convert -2145 (base 7) to base 9.
-1043
-56639 (base 10) to base 2
-1101110100111111
Convert 340354 (base 6) to base 13.
10072
Convert 191 (base 13) to base 9.
348
What is -1111212 (base 3) in base 2?
-10001001111
What is -54023 (base 6) in base 16?
-1cbf
10011110110101100 (base 2) to base 11
56111
18b (base 16) to base 3
112122
890 (base 11) to base 10
1067
What is -1c61 (base 13) in base 7?
-15356
Convert 12021130 (base 4) to base 8.
61134
-10042 (base 9) to base 2
-1100111000111
Convert 35765 (base 8) to base 16.
3bf5
What is -133d3 (base 15) in base 8?
-170267
What is -369 (base 16) in base 15?
-3d3
Convert 20333221 (base 4) to base 7.
212260
What is 150414 (base 6) in base 11?
a910
What is 13221 (base 4) in base 10?
489
-b4 (base 16) to base 15
-c0
Convert -2231 (base 7) to base 15.
-38b
What is 20656 (base 9) in base 15?
40a9
-355 (base 16) to base 11
-706
What is 111000 (base 2) in base 4?
320
What is 6e42 (base 15) in base 3?
1012011222
What is -20553 (base 7) in base 13?
-2412
What is -3154 (base 6) in base 11?
-5a3
Convert -1274c (base 14) to base 2.
-1011000100100000
-ea (base 15) to base 2
-11011100
What is 3220 (base 5) in base 14?
231
Convert -2110100 (base 3) to base 9.
-2410
10211101 (base 3) to base 7
11065
What is 651 (base 10) in base 8?
1213
25 (base 6) to base 10
17
Convert -231571 (base 8) to base 15.
-184c8
-2887 (base 11) to base 3
-12002222
What is -1826 (base 12) in base 14?
-10bc
Convert 12332202 (base 4) to base 13.
10014
Convert 232 (base 15) to base 2.
111110001
What is 102211100 (base 3) in base 9?
12740
-10305 (base 6) to base 10
-1409
What is -f3f4 (base 16) in base 3?
-10011200001
What is 13919 (base 13) in base 12?
1929b
Convert -3315 (base 6) to base 2.
-1011111111
-b55 (base 16) to base 10
-2901
What is 12705 (base 8) in base 12?
3285
What is -4670 (base 8) in base 11?
-1962
385 (base 11) to base 3
121220
What is 21b76 (base 12) in base 9?
67500
Convert 62 (base 12) to base 9.
82
Convert -10100011101 (base 2) to base 4.
-110131
Convert -13324 (base 6) to base 15.
-92d
-1082 (base 9) to base 14
-415
What is -2210 (base 6) in base 4?
-13332
Convert 30203 (base 4) to base 3.
1002202
What is 256 (base 14) in base 10?
468
What is 10bc (base 13) in base 10?
2352
Convert 1221 (base 7) to base 10.
456
Convert 375 (base 10) to base 4.
11313
-2162 (base 11) to base 6
-21111
Convert 10321321 (base 4) to base 8.
47171
Convert -202120 (base 3) to base 2.
-1000101011
Convert -1000010010101001 (base 2) to base 14.
-c53b
What is 1656 (base 7) in base 4?
22212
-100110101000 (base 2) to base 10
-2472
Convert 23323 (base 4) to base 7.
2140
425 (base 9) to base 3
110212
Convert -134 (base 7) to base 3.
-2202
What is 42113 (base 8) in base 4?
10101023
What is 5c33 (base 15) in base 5?
1111443
Convert -95aa (base 12) to base 11.
-11361
Convert 20321 (base 9) to base 13.
6127
0 (base 11) to base 15
0
What is -13111 (base 4) in base 14?
-257
-20984 (base 10) to base 2
-101000111111000
-7870 (base 11)